n) = -88*n - 174. Let o(w) = 17*w + 35. Let b(y) = 16*o(y) + 3*r(y). What is the units digit of b(22)?
4
Suppose 141*r - 335938 = 193*r - 1346870. What is the units digit of r?
1
Suppose 1353 = 8*l + 3*l. Suppose k - 439 = 5*c - l, 0 = -4*c + 20. What is the hundreds digit of k?
3
What is the ten thousands digit of (19/(-361)*2 + (-72)/38)*-18503?
3
Let r = 65 - -267. Let q = r - 166. What is the units digit of q?
6
Suppose 3*v - 412 = 3*z + 8630, 5*z + 20 = 0. Suppose -364 = 7*a - v. What is the tens digit of a?
7
Let n(s) = 1652*s + 9. Let v be n(-1). Let c = v - -2304. What is the hundreds digit of c?
6
Let m be -4 - (-22096)/(6 + -2). Suppose 4*c - 24*c = -m. What is the hundreds digit of c?
2
Suppose -8*h + 15420 = -6*h. Suppose -h = -21*d + 16*d. What is the units digit of d?
2
Let s(w) = -76*w + 1. Let p(j) = -3*j**3 + 65*j**2 + 23*j - 24. Let v be p(22). What is the units digit of s(v)?
3
Suppose 1160 = -10*k + 6*k. What is the hundreds digit of (k/7)/((-10)/70)?
2
Suppose 0*z - 3*n = -2*z + 13311, -3*z = n - 19983. Suppose 5*r - 15*r = -z. What is the hundreds digit of r?
6
Let w = -252 - -252. Suppose -5*n + 1288 - 98 = w. What is the units digit of n?
8
Suppose -7*s - 9 = -10*s. Suppose 0*u - 4*u + 3 = n, -s*u = 4*n - 12. Suppose -g = -u*g - 4. What is the units digit of g?
4
Let b(t) = -1485*t + 1331. What is the tens digit of b(-4)?
7
Suppose 5*m - 6*f + 9*f = 59683, -7*f = 3*m - 35815. What is the units digit of m?
6
Let s = 610 - 606. Let h = 49 - 19. What is the tens digit of s/((5/h)/1)?
2
Let f(b) = 470*b**2 - 3*b - 4. Let p be f(-1). Let m = 747 - p. What is the hundreds digit of (m/(-6) - -2)*-3?
1
Let d be -2 + (-3)/(6/(-26)). Let j(t) = t**3 - 12*t**2 + 11*t - 4. Let i be j(d). What is the units digit of 86 + (-2 - 2) - i?
6
Suppose -26*o + 48333 + 120953 = 0. What is the hundreds digit of o?
5
Let s(h) = -8*h + 214. Let x be s(28). Let a(v) = -74*v - 57. What is the tens digit of a(x)?
8
Let n(w) = 184*w - 60. Suppose -4*q - 4*b = -28, -4 - 14 = -4*q + b. What is the tens digit of n(q)?
6
Suppose -8*l = -4*l - 8. Suppose 0 = 4*d + 12, 0 = -5*v - l*d - 3*d + 10. Suppose -2*i + i = -v*a + 546, 4*a = -5*i + 431. What is the units digit of a?
9
Let r(s) = -16*s + s**2 + 9*s + 4*s + s**2 - 57. What is the hundreds digit of r(-12)?
2
Let x(m) = -49*m - 38. Let i(q) = -47*q - 38. Let g(n) = 6*i(n) - 5*x(n). What is the units digit of g(-13)?
3
Let h be (-2 - (0 - 2))/((-4)/(-4)). Suppose -834 = -2*o - 2*v, 0 = 5*o - h*v - 4*v - 2094. What is the units digit of o?
8
Let r be 34169/1454 - (3/(-2) - -1). Let p = -5 - -10. Suppose -r + 319 = p*j. What is the tens digit of j?
5
Suppose 252 = 16*o - 1316. Suppose o*m - 91*m = 2821. What is the tens digit of m?
0
Suppose 12572 = 19*x - 24326. What is the units digit of x?
2
Suppose -12*h + 8528 + 5440 = 0. Let z = h + -300. What is the hundreds digit of z?
8
Suppose -171*m + 178*m - 14 = 0. Suppose 5*d = -2*z + 3978, m*d + d - 2378 = z. What is the tens digit of d?
9
Let j = 673 + -272. Suppose -2*d + 5*n + 106 = -67, j = 5*d - 2*n. What is the units digit of d?
9
Let f = 160 + -109. Let a = f + 419. What is the tens digit of a?
7
Suppose -182*c + 2357828 - 487050 = 0. What is the ten thousands digit of c?
1
Suppose -5*k + 987 = -1458. Let g = -242 + k. What is the hundreds digit of g?
2
Suppose -17*v - 6693 - 1947 = -88472. What is the hundreds digit of v?
6
Let g(p) = 14*p + 12. Let o(d) = -5*d - 4. Let c(k) = 4*g(k) + 11*o(k). Let v be c(-2). What is the units digit of (157 - -1)/(0 + v)?
9
Let u(r) = r**2 - 8*r - 19. Let d be (-2)/10 + 1180/25. Let h = 43 - d. What is the units digit of u(h)?
9
Let z(y) = 85*y - 1709. What is the hundreds digit of z(49)?
4
Let m(f) = -f**3 - 11*f**2 + 6*f + 24. Let d be m(-11). What is the tens digit of (-18935)/d - 5/(-30)?
5
Let q = -418 - -421. What is the hundreds digit of (q - -2)*(-4974)/(-15)?
6
Suppose 4*p - 5*p = -1. Let b(s) = -36*s**2 + 72*s**2 + 3 + 122*s**2 + 2*s - 4. What is the tens digit of b(p)?
5
Let b(s) = -4819*s - 8911. What is the ten thousands digit of b(-10)?
3
Suppose 5*w = -5*q + 1445, -q - 587 = -3*w + w. Let r = -181 + w. What is the hundreds digit of r?
1
What is the units digit of 1978731/28 + 5/140?
9
Let t(v) = 228*v**2 + 70*v + 28. What is the ten thousands digit of t(7)?
1
Let p(y) = 2*y**3 - 2*y + 740. Let d be p(0). Let f = d - -213. What is the hundreds digit of f?
9
Suppose 0 = 27*c - 23*c - 12. Suppose -j + 195 = n, c*j - 199 = n - 2*n. What is the tens digit of n?
9
Suppose 6 - 14 = -2*t + 4*u, 0 = -4*t - 3*u + 5. Let y(r) = 57*r + 0 - 1 - 7. What is the hundreds digit of y(t)?
1
Suppose 0 = -2*w + 1138 - 218. Suppose -13*y = -18*y + w. Suppose 3*m + 29 = y. What is the units digit of m?
1
What is the units digit of (280/224)/(1/8408)?
0
Suppose 31*m - 33*m + 1357 = -3*x, x - 2008 = -3*m. Let p = -623 + m. What is the tens digit of p?
4
Let d = -6057 - -10070. What is the units digit of d?
3
Let h(x) = 838*x**2 - 53*x - 593. What is the tens digit of h(-8)?
6
Let y = 54004 + -36540. What is the tens digit of y?
6
Let z(b) = -2*b**3 + 2*b**2 - 26*b - 13. Let n(w) = 5*w + 2. Let y be n(-2). What is the units digit of z(y)?
7
Let p = 34159 + -14082. What is the ten thousands digit of p?
2
Suppose -24*s + 4202 = -2*s. Suppose -763 = -4*p - s. What is the tens digit of p?
4
Suppose -10*a = -11*a + 247. Let x = a - 49. Suppose y - x = -2*f - y, -2*f + 3*y + 203 = 0. What is the units digit of f?
0
Let i(y) = 4*y**2 + 187*y - 180. What is the hundreds digit of i(50)?
1
Let k(d) = d**3 - 123*d**2 + 2344*d + 129. What is the units digit of k(100)?
9
Let k(x) = 13*x**2 - 19*x + 30. Let u be (1/(-8))/((-3)/120). What is the units digit of k(u)?
0
Let m(w) = -2*w**2 - 6*w + w**3 + w**2 - 1 + 7*w + 0*w**3. Let z be m(2). Suppose -z*r = -83 - 57. What is the tens digit of r?
2
Let f(j) be the second derivative of 0 + 17/2*j**2 - 4*j + 5/3*j**3. What is the units digit of f(6)?
7
Let r(y) = -159*y - 483 + 23*y + 554*y. What is the hundreds digit of r(6)?
0
Let i be 0 + -3 + 21/(-7). Let d(p) = -p**3 + 10*p - 17. What is the units digit of d(i)?
9
Suppose -4*a + 115901 = 3*n, -243*a - 3*n - 86952 = -246*a. What is the ten thousands digit of a?
2
Suppose r = a - 5491, -5*a + 0*r + 3*r = -27461. What is the units digit of a?
4
Let b be (4 + (-24)/3)*(53 + -17). Let z = 57 - 41. What is the tens digit of ((-20)/z)/(4/b)?
4
Suppose 0 = -6*d + 413 - 401. What is the hundreds digit of 168910/315 - d/9?
5
Suppose 96*c - 92*c = 12. Suppose -5*k - 106 = -c*q, -q = -3*k - 46 + 12. What is the tens digit of q?
3
Let v(s) = -5*s**3 - 5*s + 4. Let n(l) = 9*l**2 - 116*l - 19. Let j be n(13). What is the hundreds digit of v(j)?
1
Suppose 0 = -4*g - g - 2*b + 62, -2*b - 36 = -2*g. Suppose -g*u + 10562 = -2108. What is the units digit of u?
5
Suppose 3*w - 5 - 1 = 0. Suppose 5*o - 585 = w*o. Suppose 0 = -m + h + 35, 5*m = -0*m + h + o. What is the tens digit of m?
4
Let l(a) = 6*a - 67. Let o be l(12). Suppose o*d - 1065 - 2775 = -5*j, 4 = j. What is the hundreds digit of d?
7
Suppose -4*c = 3*z - 169, c - 20 - 26 = -2*z. What is the tens digit of 24/20 + -1 + 13152/c?
2
Let j(l) = 101*l + 4. Let z be j(-3). Let q = z - -211. Let t = q + 179. What is the units digit of t?
1
Let u(s) be the third derivative of -7/6*s**3 + 0 - 25*s**2 + 1/60*s**5 + 7/24*s**4 + 0*s. What is the units digit of u(-14)?
1
Let t be (8/(80/15))/(9/12). Suppose 5*q + 88 = i, -4*q + 3*q = -t*i + 185. What is the hundreds digit of (-5)/(3/i*-1)?
1
Let t(h) = -77*h**2 + h - 28. Let i(a) = -9 + 7500*a - 7500*a - 26*a**2. Let b(z) = -7*i(z) + 2*t(z). What is the tens digit of b(-3)?
5
Suppose 0 = 5*h + 4122 + 2143. Let g = h + 851. Let q = -271 - g. What is the units digit of q?
1
Let v = -8528 - -11737. What is the thousands digit of v?
3
Suppose 9*y - 3481851 = -68*y - 854842. What is the units digit of y?
7
Let k(l) = 12*l**2 + 30*l + 29. Let w be k(-13). Suppose -23*y - w = -13719. What is the tens digit of y?
2
Let b(w) = 56*w + 1. Let y be b(-3). Suppose 2 - 17 = 69*j - 567. What is the tens digit of ((-1)/2)/(j/16)*y?
6
Suppose -2*y + 163711 = 5*s - 19540, 73334 = 2*s + 5*y. What is the tens digit of s?
4
Suppose 42*z - 69*z + 159548 = -50971. What is the tho